{"id":33,"date":"2015-07-08T08:01:18","date_gmt":"2015-07-08T08:01:18","guid":{"rendered":"http:\/\/farmacies.ecoceutics.com\/?page_id=33"},"modified":"2015-07-09T10:23:13","modified_gmt":"2015-07-09T10:23:13","slug":"horari","status":"publish","type":"page","link":"https:\/\/farmacies.ecoceutics.com\/?page_id=33","title":{"rendered":"Horari"},"content":{"rendered":"<section class=\"container\"><div  class=\"row\" ><div class=\"col-md-3\"><script>\n            jQuery(document).ready(function( $ ) {\n                    $('#map1').gmap3({\n                        map:{\n                            options:{\n                                zoom: 16,\n                                draggable: true,\n                                scrollwheel: true\n                            }\n                        },\n                        marker:{\n                          values:[\n                            {address: 'Avinguda Mol\u00ed, 37 08840 Viladecans (Barcelona)', data:'Farm\u00e0cia Francesc Vil\u00e0 Badia<br \/>Avinguda Mol\u00ed, 37<br \/>08840 Viladecans<br \/>(Barcelona)', options:{icon:'https:\/\/farmacies.ecoceutics.com\/wp-content\/uploads\/2015\/07\/icon-mapa.png'}},\n                          ],\n                          options:{\n                            draggable: false\n                          },\n                          events: {\n                            mouseover: function(marker, event, context){\n                                var map = $(this).gmap3('get'),\n                                infowindow = $(this).gmap3({get:{name:'infowindow'}});\n                                if (infowindow){\n                                  infowindow.open(map, marker);\n                                  infowindow.setContent(context.data);\n                                } else {\n                                  $(this).gmap3({\n                                    infowindow:{\n                                      anchor:marker,\n                                      options:{content: context.data}\n                                    }\n                                  });\n                                }\n                              },\n                            mouseout: function(){\n                                var infowindow = $(this).gmap3({get:{name:'infowindow'}});\n                                if (infowindow){\n                                  infowindow.close();\n                                }\n                              }\n                          }\n                        },\n                        getlatlng:{\n                            address: 'Avinguda Mol\u00ed, 37 08840 Viladecans (Barcelona)',\n                            callback: function(results){\n                                if(!results) return;\n                                $(this).gmap3({\n                                    map:{\n                                        options: {\n                                            center: [results[0].geometry.location.lat(), results[0].geometry.location.lng()]\n                                        }\n                                    }\n                                });\n                            }\n                        }\n                    });\n                });\n            <\/script>\n            <div class='map' id='map1'><\/div><\/div><div class=\"col-md-9\"><strong>Dilluns a divendres<\/strong><br \/>\n9:00 a 13:30 h i 16:30 a 20:00 h\n<p>&nbsp;<\/p>\n<p><strong>Dissabtes<\/strong><br \/>\n9:30 a 13:30 h<br \/>\n(a partir del 9 de Maig)<\/p><\/div><\/div><\/section>\n","protected":false},"excerpt":{"rendered":"","protected":false},"author":1,"featured_media":0,"parent":0,"menu_order":0,"comment_status":"open","ping_status":"open","template":"","meta":{"footnotes":""},"class_list":["post-33","page","type-page","status-publish","hentry"],"_links":{"self":[{"href":"https:\/\/farmacies.ecoceutics.com\/index.php?rest_route=\/wp\/v2\/pages\/33","targetHints":{"allow":["GET"]}}],"collection":[{"href":"https:\/\/farmacies.ecoceutics.com\/index.php?rest_route=\/wp\/v2\/pages"}],"about":[{"href":"https:\/\/farmacies.ecoceutics.com\/index.php?rest_route=\/wp\/v2\/types\/page"}],"author":[{"embeddable":true,"href":"https:\/\/farmacies.ecoceutics.com\/index.php?rest_route=\/wp\/v2\/users\/1"}],"replies":[{"embeddable":true,"href":"https:\/\/farmacies.ecoceutics.com\/index.php?rest_route=%2Fwp%2Fv2%2Fcomments&post=33"}],"version-history":[{"count":7,"href":"https:\/\/farmacies.ecoceutics.com\/index.php?rest_route=\/wp\/v2\/pages\/33\/revisions"}],"predecessor-version":[{"id":90,"href":"https:\/\/farmacies.ecoceutics.com\/index.php?rest_route=\/wp\/v2\/pages\/33\/revisions\/90"}],"wp:attachment":[{"href":"https:\/\/farmacies.ecoceutics.com\/index.php?rest_route=%2Fwp%2Fv2%2Fmedia&parent=33"}],"curies":[{"name":"wp","href":"https:\/\/api.w.org\/{rel}","templated":true}]}}